{"id":244,"date":"2025-02-16T23:41:08","date_gmt":"2025-02-16T22:41:08","guid":{"rendered":"https:\/\/huet.skin\/?page_id=244"},"modified":"2025-02-19T17:52:03","modified_gmt":"2025-02-19T16:52:03","slug":"catharsis","status":"publish","type":"page","link":"https:\/\/huet.skin\/?page_id=244","title":{"rendered":"Catharsis"},"content":{"rendered":"\n<p><\/p>\n\n\n\n<figure class=\"wp-block-image size-full\"><img loading=\"lazy\" decoding=\"async\" width=\"204\" height=\"105\" src=\"https:\/\/huet.skin\/wp-content\/uploads\/2025\/02\/logo-catharsis.png\" alt=\"\" class=\"wp-image-285\"\/><\/figure>\n\n\n\n<div class=\"wp-block-media-text is-stacked-on-mobile\" style=\"grid-template-columns:19% auto\"><figure class=\"wp-block-media-text__media\"><img loading=\"lazy\" decoding=\"async\" width=\"533\" height=\"800\" src=\"https:\/\/huet.skin\/wp-content\/uploads\/2025\/02\/Marc-Ledent.jpg\" alt=\"\" class=\"wp-image-245 size-full\" srcset=\"https:\/\/huet.skin\/wp-content\/uploads\/2025\/02\/Marc-Ledent.jpg 533w, https:\/\/huet.skin\/wp-content\/uploads\/2025\/02\/Marc-Ledent-200x300.jpg 200w\" sizes=\"auto, (max-width: 533px) 100vw, 533px\" \/><\/figure><div class=\"wp-block-media-text__content\">\n<p>Si la catharsis prend un sens philosophique avec Aristote qui l\u2019utilise dans sa Po\u00e9tique pour d\u00e9signer surtout l\u2019effet de la trag\u00e9die sur les passions du spectateur, c&#8217;est surtout pour moi une troupe de th\u00e9\u00e2tre dirig\u00e9e par Marc Ledent avec laquelle j&#8217;ai jou\u00e9 pendant quelques ann\u00e9es dans des pi\u00e8ces tr\u00e8s diff\u00e9rentes.<\/p>\n<\/div><\/div>\n\n\n\n<p><\/p>\n","protected":false},"excerpt":{"rendered":"<p>Si la catharsis prend un sens philosophique avec Aristote qui l\u2019utilise dans sa Po\u00e9tique pour d\u00e9signer surtout l\u2019effet de la trag\u00e9die sur les passions du spectateur, c&#8217;est surtout pour moi une troupe de th\u00e9\u00e2tre dirig\u00e9e par Marc Ledent avec laquelle j&#8217;ai jou\u00e9 pendant quelques ann\u00e9es dans des pi\u00e8ces tr\u00e8s diff\u00e9rentes.<\/p>\n","protected":false},"author":1,"featured_media":0,"parent":0,"menu_order":0,"comment_status":"closed","ping_status":"closed","template":"","meta":{"_kad_post_transparent":"","_kad_post_title":"","_kad_post_layout":"","_kad_post_sidebar_id":"","_kad_post_content_style":"","_kad_post_vertical_padding":"","_kad_post_feature":"","_kad_post_feature_position":"","_kad_post_header":false,"_kad_post_footer":false,"_kad_post_classname":"","footnotes":""},"class_list":["post-244","page","type-page","status-publish","hentry"],"_links":{"self":[{"href":"https:\/\/huet.skin\/index.php?rest_route=\/wp\/v2\/pages\/244","targetHints":{"allow":["GET"]}}],"collection":[{"href":"https:\/\/huet.skin\/index.php?rest_route=\/wp\/v2\/pages"}],"about":[{"href":"https:\/\/huet.skin\/index.php?rest_route=\/wp\/v2\/types\/page"}],"author":[{"embeddable":true,"href":"https:\/\/huet.skin\/index.php?rest_route=\/wp\/v2\/users\/1"}],"replies":[{"embeddable":true,"href":"https:\/\/huet.skin\/index.php?rest_route=%2Fwp%2Fv2%2Fcomments&post=244"}],"version-history":[{"count":2,"href":"https:\/\/huet.skin\/index.php?rest_route=\/wp\/v2\/pages\/244\/revisions"}],"predecessor-version":[{"id":340,"href":"https:\/\/huet.skin\/index.php?rest_route=\/wp\/v2\/pages\/244\/revisions\/340"}],"wp:attachment":[{"href":"https:\/\/huet.skin\/index.php?rest_route=%2Fwp%2Fv2%2Fmedia&parent=244"}],"curies":[{"name":"wp","href":"https:\/\/api.w.org\/{rel}","templated":true}]}}