{"id":12,"date":"2024-05-04T18:40:52","date_gmt":"2024-05-04T16:40:52","guid":{"rendered":"https:\/\/huet.skin\/?page_id=12"},"modified":"2026-02-08T13:44:00","modified_gmt":"2026-02-08T12:44:00","slug":"accueil","status":"publish","type":"page","link":"https:\/\/huet.skin\/","title":{"rendered":"Pr\u00e9sentation"},"content":{"rendered":"\n<p>J&#8217;ai d\u00e9couvert le th\u00e9\u00e2tre pendant mes ann\u00e9es d\u2019humanit\u00e9, mais les petits spectacles d\u2019\u00e9coles ne me suffisaient plus.<br>Je me lan\u00e7ais&nbsp; donc dans la grande aventure avec ma premi\u00e8re troupe, <a href=\"https:\/\/huet.skin\/?page_id=421\" data-type=\"page\" data-id=\"421\">le th\u00e9\u00e2tre de l\u2019amphi<\/a> et une premi\u00e8re vraie pi\u00e8ce, \u00ab <a href=\"https:\/\/huet.skin\/?p=425\" data-type=\"link\" data-id=\"https:\/\/huet.skin\/?p=425\">Apprends moi, C\u00e9line<\/a> \u00bb de Maria Pac\u00f4me.<\/p>\n\n\n\n<p>J&#8217;ai ensuite suivi des cours \u00e0 l\u2019acad\u00e9mie de Li\u00e8ge,\u00a0 puis \u00e0 la Province.<br>A l&#8217;acad\u00e9mie, je rentrais dans la troupe <a href=\"https:\/\/huet.skin\/?page_id=456\" data-type=\"page\" data-id=\"456\">Mirage<\/a> de mon professeur Christiane Eppe.<br>Je me suis aussi initi\u00e9 \u00e0 la r\u00e9gie \u00e9clairage et son en suivant un humoriste Li\u00e9geois(Michel Crompvoets, 2 fois\u00a0 prix du public \u00e0 Rochefort).<\/p>\n\n\n\n<p>Je rencontrais Marc Ledent lors de ses ateliers th\u00e9\u00e2tre et j&#8217;acceptais d\u2019entrer dans sa troupe, <a href=\"https:\/\/huet.skin\/?page_id=244\" data-type=\"page\" data-id=\"244\">le Catharsis<\/a>, avec laquelle j&#8217;ai interpr\u00e9t\u00e9 avec bonheur des r\u00f4les tr\u00e8s diff\u00e9rent dans des pi\u00e8ces tr\u00e8s vari\u00e9es.<br>Je l&#8217;ai suivi dans son aventure Li\u00e8geoise du Renc&#8217;Art.<br>J&#8217;ai aussi&nbsp; jou\u00e9 dans des pi\u00e8ces \u00e9crites par le Bourgmestre d&#8217;Aywaille, Philippe Dodrimont.<\/p>\n\n\n\n<p>Depuis 2008, je joue dans une troupe de com\u00e9die musicale \u00e0 Aywaille,&nbsp;<a href=\"https:\/\/troupe.projartschool.be\/\">Proj&#8217; Artis<\/a>t dirig\u00e9e par Michel Crompvoets et son \u00e9pouse.<\/p>\n\n\n\n<figure class=\"wp-block-gallery has-nested-images columns-default is-cropped wp-block-gallery-1 is-layout-flex wp-block-gallery-is-layout-flex\">\n<figure class=\"wp-block-image size-large\"><a href=\"https:\/\/huet.skin\/wp-content\/uploads\/2024\/05\/guerre-du-feu0002-2015_09_11-14_24_27-UTC.webp\"><img loading=\"lazy\" decoding=\"async\" width=\"692\" height=\"1024\" data-id=\"21\" src=\"https:\/\/huet.skin\/wp-content\/uploads\/2024\/05\/guerre-du-feu0002-2015_09_11-14_24_27-UTC-692x1024.webp\" alt=\"\" class=\"wp-image-21\" srcset=\"https:\/\/huet.skin\/wp-content\/uploads\/2024\/05\/guerre-du-feu0002-2015_09_11-14_24_27-UTC-692x1024.webp 692w, https:\/\/huet.skin\/wp-content\/uploads\/2024\/05\/guerre-du-feu0002-2015_09_11-14_24_27-UTC-203x300.webp 203w, https:\/\/huet.skin\/wp-content\/uploads\/2024\/05\/guerre-du-feu0002-2015_09_11-14_24_27-UTC-768x1136.webp 768w, https:\/\/huet.skin\/wp-content\/uploads\/2024\/05\/guerre-du-feu0002-2015_09_11-14_24_27-UTC-1039x1536.webp 1039w, https:\/\/huet.skin\/wp-content\/uploads\/2024\/05\/guerre-du-feu0002-2015_09_11-14_24_27-UTC.webp 1192w\" sizes=\"auto, (max-width: 692px) 100vw, 692px\" \/><\/a><figcaption class=\"wp-element-caption\">La guerre du feu<\/figcaption><\/figure>\n\n\n\n<figure class=\"wp-block-image size-large\"><a href=\"https:\/\/huet.skin\/wp-content\/uploads\/2024\/05\/IMG_2157-scaled.webp\"><img loading=\"lazy\" decoding=\"async\" width=\"1024\" height=\"718\" data-id=\"78\" src=\"https:\/\/huet.skin\/wp-content\/uploads\/2024\/05\/IMG_2157-1024x718.webp\" alt=\"\" class=\"wp-image-78\" srcset=\"https:\/\/huet.skin\/wp-content\/uploads\/2024\/05\/IMG_2157-1024x718.webp 1024w, https:\/\/huet.skin\/wp-content\/uploads\/2024\/05\/IMG_2157-300x210.webp 300w, https:\/\/huet.skin\/wp-content\/uploads\/2024\/05\/IMG_2157-768x539.webp 768w, https:\/\/huet.skin\/wp-content\/uploads\/2024\/05\/IMG_2157-1536x1077.webp 1536w, https:\/\/huet.skin\/wp-content\/uploads\/2024\/05\/IMG_2157-scaled.webp 1920w\" sizes=\"auto, (max-width: 1024px) 100vw, 1024px\" \/><\/a><figcaption class=\"wp-element-caption\">Tu ne manques pas d&#8217;aisance<\/figcaption><\/figure>\n\n\n\n<figure class=\"wp-block-image size-large\"><a href=\"https:\/\/huet.skin\/wp-content\/uploads\/2024\/05\/DSC00061-scaled.webp\"><img loading=\"lazy\" decoding=\"async\" width=\"680\" height=\"1024\" data-id=\"20\" src=\"https:\/\/huet.skin\/wp-content\/uploads\/2024\/05\/DSC00061-680x1024.webp\" alt=\"\" class=\"wp-image-20\" srcset=\"https:\/\/huet.skin\/wp-content\/uploads\/2024\/05\/DSC00061-680x1024.webp 680w, https:\/\/huet.skin\/wp-content\/uploads\/2024\/05\/DSC00061-199x300.webp 199w, https:\/\/huet.skin\/wp-content\/uploads\/2024\/05\/DSC00061-768x1156.webp 768w, https:\/\/huet.skin\/wp-content\/uploads\/2024\/05\/DSC00061-1021x1536.webp 1021w, https:\/\/huet.skin\/wp-content\/uploads\/2024\/05\/DSC00061-scaled.webp 1276w\" sizes=\"auto, (max-width: 680px) 100vw, 680px\" \/><\/a><figcaption class=\"wp-element-caption\">Sacr\u00e9 Diney 2<\/figcaption><\/figure>\n\n\n\n<figure class=\"wp-block-image size-large\"><a href=\"https:\/\/huet.skin\/wp-content\/uploads\/2024\/05\/I000342.webp\"><img loading=\"lazy\" decoding=\"async\" width=\"768\" height=\"1024\" data-id=\"17\" src=\"https:\/\/huet.skin\/wp-content\/uploads\/2024\/05\/I000342-768x1024.webp\" alt=\"\" class=\"wp-image-17\" srcset=\"https:\/\/huet.skin\/wp-content\/uploads\/2024\/05\/I000342-768x1024.webp 768w, https:\/\/huet.skin\/wp-content\/uploads\/2024\/05\/I000342-225x300.webp 225w, https:\/\/huet.skin\/wp-content\/uploads\/2024\/05\/I000342-1152x1536.webp 1152w, https:\/\/huet.skin\/wp-content\/uploads\/2024\/05\/I000342.webp 1200w\" sizes=\"auto, (max-width: 768px) 100vw, 768px\" \/><\/a><figcaption class=\"wp-element-caption\">Louise la p\u00e9troleuse<\/figcaption><\/figure>\n\n\n\n<figure class=\"wp-block-image size-large\"><a href=\"https:\/\/huet.skin\/wp-content\/uploads\/2024\/05\/I000170.webp\"><img loading=\"lazy\" decoding=\"async\" width=\"768\" height=\"1024\" data-id=\"16\" src=\"https:\/\/huet.skin\/wp-content\/uploads\/2024\/05\/I000170-768x1024.webp\" alt=\"\" class=\"wp-image-16\" srcset=\"https:\/\/huet.skin\/wp-content\/uploads\/2024\/05\/I000170-768x1024.webp 768w, https:\/\/huet.skin\/wp-content\/uploads\/2024\/05\/I000170-225x300.webp 225w, https:\/\/huet.skin\/wp-content\/uploads\/2024\/05\/I000170-1152x1536.webp 1152w, https:\/\/huet.skin\/wp-content\/uploads\/2024\/05\/I000170.webp 1200w\" sizes=\"auto, (max-width: 768px) 100vw, 768px\" \/><\/a><figcaption class=\"wp-element-caption\">Le l\u00e9gataire universel<\/figcaption><\/figure>\n\n\n\n<figure class=\"wp-block-image size-large\"><a href=\"https:\/\/huet.skin\/wp-content\/uploads\/2024\/05\/C000033.webp\"><img loading=\"lazy\" decoding=\"async\" width=\"768\" height=\"1024\" data-id=\"15\" src=\"https:\/\/huet.skin\/wp-content\/uploads\/2024\/05\/C000033-768x1024.webp\" alt=\"\" class=\"wp-image-15\" srcset=\"https:\/\/huet.skin\/wp-content\/uploads\/2024\/05\/C000033-768x1024.webp 768w, https:\/\/huet.skin\/wp-content\/uploads\/2024\/05\/C000033-225x300.webp 225w, https:\/\/huet.skin\/wp-content\/uploads\/2024\/05\/C000033.webp 960w\" sizes=\"auto, (max-width: 768px) 100vw, 768px\" \/><\/a><figcaption class=\"wp-element-caption\">Jacques et son ma\u00eetre<\/figcaption><\/figure>\n\n\n\n<figure class=\"wp-block-image size-large\"><a href=\"https:\/\/huet.skin\/wp-content\/uploads\/2024\/05\/P1010015.webp\"><img loading=\"lazy\" decoding=\"async\" width=\"768\" height=\"1024\" data-id=\"14\" src=\"https:\/\/huet.skin\/wp-content\/uploads\/2024\/05\/P1010015-768x1024.webp\" alt=\"\" class=\"wp-image-14\" srcset=\"https:\/\/huet.skin\/wp-content\/uploads\/2024\/05\/P1010015-768x1024.webp 768w, https:\/\/huet.skin\/wp-content\/uploads\/2024\/05\/P1010015-225x300.webp 225w, https:\/\/huet.skin\/wp-content\/uploads\/2024\/05\/P1010015-1152x1536.webp 1152w, https:\/\/huet.skin\/wp-content\/uploads\/2024\/05\/P1010015.webp 1200w\" sizes=\"auto, (max-width: 768px) 100vw, 768px\" \/><\/a><figcaption class=\"wp-element-caption\">Les pr\u00e9cieuses ridicules<\/figcaption><\/figure>\n\n\n\n<figure class=\"wp-block-image size-large\"><a href=\"https:\/\/huet.skin\/wp-content\/uploads\/2024\/05\/DSC08766-scaled.webp\"><img loading=\"lazy\" decoding=\"async\" width=\"680\" height=\"1024\" data-id=\"19\" src=\"https:\/\/huet.skin\/wp-content\/uploads\/2024\/05\/DSC08766-680x1024.webp\" alt=\"\" class=\"wp-image-19\" srcset=\"https:\/\/huet.skin\/wp-content\/uploads\/2024\/05\/DSC08766-680x1024.webp 680w, https:\/\/huet.skin\/wp-content\/uploads\/2024\/05\/DSC08766-199x300.webp 199w, https:\/\/huet.skin\/wp-content\/uploads\/2024\/05\/DSC08766-768x1156.webp 768w, https:\/\/huet.skin\/wp-content\/uploads\/2024\/05\/DSC08766-1021x1536.webp 1021w, https:\/\/huet.skin\/wp-content\/uploads\/2024\/05\/DSC08766-scaled.webp 1276w\" sizes=\"auto, (max-width: 680px) 100vw, 680px\" \/><\/a><figcaption class=\"wp-element-caption\">Je veux voir Mioussov<\/figcaption><\/figure>\n\n\n\n<figure class=\"wp-block-image size-large\"><a href=\"https:\/\/huet.skin\/wp-content\/uploads\/2024\/05\/lhomme-du-destin.webp\"><img loading=\"lazy\" decoding=\"async\" width=\"683\" height=\"1024\" data-id=\"18\" src=\"https:\/\/huet.skin\/wp-content\/uploads\/2024\/05\/lhomme-du-destin-683x1024.webp\" alt=\"\" class=\"wp-image-18\" srcset=\"https:\/\/huet.skin\/wp-content\/uploads\/2024\/05\/lhomme-du-destin-683x1024.webp 683w, https:\/\/huet.skin\/wp-content\/uploads\/2024\/05\/lhomme-du-destin-200x300.webp 200w, https:\/\/huet.skin\/wp-content\/uploads\/2024\/05\/lhomme-du-destin-768x1152.webp 768w, https:\/\/huet.skin\/wp-content\/uploads\/2024\/05\/lhomme-du-destin.webp 800w\" sizes=\"auto, (max-width: 683px) 100vw, 683px\" \/><\/a><figcaption class=\"wp-element-caption\">L&#8217;homme du destin<\/figcaption><\/figure>\n\n\n\n<figure class=\"wp-block-image size-full\"><a href=\"https:\/\/huet.skin\/wp-content\/uploads\/2024\/05\/319965264_661311419066664_5203612308401467380_n.webp\"><img loading=\"lazy\" decoding=\"async\" width=\"1200\" height=\"800\" data-id=\"22\" src=\"https:\/\/huet.skin\/wp-content\/uploads\/2024\/05\/319965264_661311419066664_5203612308401467380_n.webp\" alt=\"\" class=\"wp-image-22\" srcset=\"https:\/\/huet.skin\/wp-content\/uploads\/2024\/05\/319965264_661311419066664_5203612308401467380_n.webp 1200w, https:\/\/huet.skin\/wp-content\/uploads\/2024\/05\/319965264_661311419066664_5203612308401467380_n-300x200.webp 300w, https:\/\/huet.skin\/wp-content\/uploads\/2024\/05\/319965264_661311419066664_5203612308401467380_n-1024x683.webp 1024w, https:\/\/huet.skin\/wp-content\/uploads\/2024\/05\/319965264_661311419066664_5203612308401467380_n-768x512.webp 768w\" sizes=\"auto, (max-width: 1200px) 100vw, 1200px\" \/><\/a><figcaption class=\"wp-element-caption\">Sacr\u00e9 No\u00ebl 2022<\/figcaption><\/figure>\n<\/figure>\n","protected":false},"excerpt":{"rendered":"<p>J&#8217;ai d\u00e9couvert le th\u00e9\u00e2tre pendant mes ann\u00e9es d\u2019humanit\u00e9, mais les petits spectacles d\u2019\u00e9coles ne me suffisaient plus.Je me lan\u00e7ais&nbsp; donc dans la grande aventure avec ma premi\u00e8re troupe, le th\u00e9\u00e2tre de l\u2019amphi et une premi\u00e8re vraie pi\u00e8ce, \u00ab Apprends moi, C\u00e9line \u00bb de Maria Pac\u00f4me. J&#8217;ai ensuite suivi des cours \u00e0 l\u2019acad\u00e9mie de Li\u00e8ge,\u00a0 puis&#8230;<\/p>\n","protected":false},"author":1,"featured_media":501,"parent":0,"menu_order":0,"comment_status":"closed","ping_status":"closed","template":"","meta":{"_kad_post_transparent":"","_kad_post_title":"","_kad_post_layout":"","_kad_post_sidebar_id":"","_kad_post_content_style":"","_kad_post_vertical_padding":"","_kad_post_feature":"","_kad_post_feature_position":"","_kad_post_header":false,"_kad_post_footer":false,"_kad_post_classname":"","footnotes":""},"class_list":["post-12","page","type-page","status-publish","has-post-thumbnail","hentry"],"_links":{"self":[{"href":"https:\/\/huet.skin\/index.php?rest_route=\/wp\/v2\/pages\/12","targetHints":{"allow":["GET"]}}],"collection":[{"href":"https:\/\/huet.skin\/index.php?rest_route=\/wp\/v2\/pages"}],"about":[{"href":"https:\/\/huet.skin\/index.php?rest_route=\/wp\/v2\/types\/page"}],"author":[{"embeddable":true,"href":"https:\/\/huet.skin\/index.php?rest_route=\/wp\/v2\/users\/1"}],"replies":[{"embeddable":true,"href":"https:\/\/huet.skin\/index.php?rest_route=%2Fwp%2Fv2%2Fcomments&post=12"}],"version-history":[{"count":80,"href":"https:\/\/huet.skin\/index.php?rest_route=\/wp\/v2\/pages\/12\/revisions"}],"predecessor-version":[{"id":472,"href":"https:\/\/huet.skin\/index.php?rest_route=\/wp\/v2\/pages\/12\/revisions\/472"}],"wp:featuredmedia":[{"embeddable":true,"href":"https:\/\/huet.skin\/index.php?rest_route=\/wp\/v2\/media\/501"}],"wp:attachment":[{"href":"https:\/\/huet.skin\/index.php?rest_route=%2Fwp%2Fv2%2Fmedia&parent=12"}],"curies":[{"name":"wp","href":"https:\/\/api.w.org\/{rel}","templated":true}]}}